(i) = i**2 - 5*i - 7. Let o(u) = u. Let b(y) = l(y) + 3*o(y). What are the prime factors of b(w)?
2
Suppose 5*q - 223 + 13 = 0. List the prime factors of q.
2, 3, 7
Let g(p) = -p**3 - 5*p**2 - p - 2. Let c be g(-5). Let n be (-1)/(-4) - (-90)/24. Suppose 0 = 4*b - n, -c*j + 8*j + 2*b - 52 = 0. List the prime factors of j.
2, 5
Suppose -816 = 18*r - 26*r. List the prime factors of r.
2, 3, 17
Let y(c) be the second derivative of -c - 4/3*c**3 - 1/12*c**4 - 2*c**2 + 0. What are the prime factors of y(-7)?
3
Suppose 3*a = 2*a + 3*l + 16, 5*a = 2*l + 15. List the prime factors of a + (-4 + 43 - 2).
2, 19
Let t be -2 - (3 - 2 - 3). Suppose 2*l - 3*d + 41 = t, 3*l + 62 = -0*l + 5*d. Let n = l + 31. List the prime factors of n.
2, 3
What are the prime factors of 638/6 - 4*2/(-12)?
107
Suppose -49 - 64 = -x. What are the prime factors of x?
113
Let j(m) be the third derivative of -m**6/120 - m**5/12 + 7*m**3/6 + 6*m**2. Let n be 1/4 - (-42)/(-8). What are the prime factors of j(n)?
7
Let r be (2 - (-12)/(-3)) + -13. What are the prime factors of 18/(-15)*r/2?
3
Let c = 8 + -6. Suppose -v + 2 = -1. Suppose -k + 5*y = 2*k + v, -c*y = -4*k + 10. What are the prime factors of k?
2
Suppose -s = 0, 8*s - 4*s = 5*m - 100. Let j be (2/3)/(3/117). Suppose v - 4*g = g + j, -g + m = 4*v. List the prime factors of v.
2, 3
Let n = 17 + -14. What are the prime factors of 45/6 - n/6?
7
Suppose -3*j = -0*j - 81. Suppose l - c - 15 = c, 4*c = -4*l. Suppose -l*s + 23 = -j. What are the prime factors of s?
2, 5
Suppose 152 + 370 = 9*u. What are the prime factors of u?
2, 29
Let x = -4 + 7. Let f(h) = -6*h + 1. Let g be f(x). List the prime factors of (-1 + 0/(-1))*g.
17
Let m be (84/7)/((-6)/(-4)). Let s = 2 + -2. Let k = m + s. List the prime factors of k.
2
Let o(w) = -8*w + 8*w - w - 2. Let u be o(-4). Suppose -5*d - 40 = -5*r, u*d - d = 5*r - 44. List the prime factors of r.
3
Let r = 11 + -3. Let k = 10 - r. List the prime factors of 1/(2/12*k).
3
Let i = 41 - 10. What are the prime factors of i?
31
Let d(c) = 2*c + 9 - 11*c**2 + 8 - 9*c + c**3 - 6*c. Let o be d(12). Suppose -4*j - k + 31 = 0, 20 = o*j - 3*k - 2*k. List the prime factors of j.
7
Suppose -2*y = y - 9. List the prime factors of -22*y/(-12)*2.
11
Suppose 4*g = 3*u + 16, 0 = -2*u + 3*u + 2*g + 2. Let w(o) be the third derivative of o**5/60 + o**4/12 - o**3/2 - 6*o**2. What are the prime factors of w(u)?
5
Suppose -2*u + 16 = 3*x, 4*x - 2*u + 1 + 1 = 0. Suppose -3*a + x*m + 6 + 15 = 0, -4*a - 5*m + 5 = 0. What are the prime factors of a?
5
Let w = -5 + 5. Suppose w = -3*z - 12 + 78. List the prime factors of z.
2, 11
Let y(s) = -s**3 + 10*s**2 + 12*s - 7. Let c be y(11). Suppose -c*k - 4*p + 70 = -6*p, -p = 2*k - 33. What are the prime factors of k?
17
Let r = -78 - -124. List the prime factors of r.
2, 23
Suppose -y + 0*k - k - 3 = 0, -6 = -4*y + 2*k. Suppose y*m - 2*m + 18 = 0. What are the prime factors of m?
3
Suppose 95 = 5*j - 4*n + 5*n, 3*j - 55 = -n. What are the prime factors of j?
2, 5
Let n(o) = -o + 1. Let z be n(-3). Suppose -4*g - 3*c - 8 + 36 = 0, 0 = -3*g - z*c + 14. Suppose 0 = p - 3*p + g. What are the prime factors of p?
5
Suppose 4 = h - 0. Suppose 61 = 5*p + 2*b, 0*b = h*p - b - 41. What are the prime factors of p?
11
Suppose 2*y - 5 - 15 = 0. Let m = y - 4. What are the prime factors of 1 + 39/(m/2)?
2, 7
Let a be (24/(-42))/(2/(-7)). What are the prime factors of 2*(3 - a) - -2?
2
Let r = -178 + 408. List the prime factors of r.
2, 5, 23
Let f(h) = -16*h - 9. List the prime factors of f(-3).
3, 13
Suppose 0*o = 2*o - 86. What are the prime factors of o?
43
Let g = 24 + -7. Suppose -3*k + 10 = -5, i - 4*k + g = 0. What are the prime factors of i?
3
Suppose 2*f = -0*f + 2, 0 = -5*t - f + 21. Suppose 0 = -d + 3*m + 2*m - 18, -5*m + 28 = t*d. List the prime factors of d.
2
Let g(p) = -p**2 - 3*p + 3. Let m be g(-3). Suppose -k + m*k - 50 = 0. What are the prime factors of k?
5
Let c = -7 - -11. Suppose -3*q - 16 = -7*q. Suppose -c*y = y - 20, 12 = -g + q*y. List the prime factors of g.
2
Let q(j) = 17*j - 39. What are the prime factors of q(16)?
233
Let w(s) = -s**2 + 2*s**2 + 6 - 13 - 4*s. Let o be ((-2)/(-5))/((-2)/(-30)). List the prime factors of w(o).
5
Suppose -4*b - 3*i + 41 = 2*i, -4*i = 4*b - 36. Suppose 111 = -5*r + 5*h + 11, -h + 86 = -b*r. Let x = r + 34. List the prime factors of x.
2, 3
Let y be (17/(-3))/(5/15). Let g = y - -25. Suppose -4*v = 2*a - g, -a - 3 = -5*v - 14. What are the prime factors of a?
2, 3
Let a be -2*(-129)/(-6)*-1. Suppose 3*s = 2*w - a, 0 = -2*w - 2*w - 3*s + 113. Let n = w + -18. List the prime factors of n.
2
Let i be (-2)/6 + 61/3. Suppose -n + 5*n = i. Suppose 18 + 7 = n*j. List the prime factors of j.
5
Suppose 0 = -4*s + 82 + 66. List the prime factors of s.
37
Let m(v) = 9*v**2 + 8*v + 5. What are the prime factors of m(4)?
181
Let r(f) = f - 1. Let y be r(4). Suppose 0 = 5*s - 63 + y. What are the prime factors of s/9*(-21)/(-2)?
2, 7
Suppose -3*y + 20 = 2*y. Suppose -5*n = -20, 0 = -y*g + 2*n + n - 20. What are the prime factors of 51/6 - (-3)/g?
7
Let i(z) = -6*z**2 + 3*z - 2. Let x(c) = -2 + 2*c**2 - c - 7*c**2 + 3*c. Let n(a) = 6*i(a) - 7*x(a). List the prime factors of n(4).
2
Let o(x) = x**3 + 6*x**2 + 5*x - 1. Let h be 0 + -6 - -1*2. Let j be h + (0 + 0)/1. What are the prime factors of o(j)?
11
Suppose -3*h = -189 - 96. Suppose -5*w + 3*c + h = -0*w, 4*c = 0. List the prime factors of w.
19
Let x = -23 + 45. Suppose -x = 2*j - 3*j. Let o = j + -15. What are the prime factors of o?
7
Suppose 8*y - 1 = 7*y. What are the prime factors of 85/20 - y/4?
2
Suppose -43 = -5*b + 7. What are the prime factors of b?
2, 5
Let f be 41/4 - (-1)/(-4). Let b = 0 + f. What are the prime factors of b?
2, 5
Let c(z) = -z**3 + 7*z**2 + 4*z - 8. Let f be c(7). Suppose 35 = 5*y - f. List the prime factors of y.
11
List the prime factors of (2/3)/(8/612).
3, 17
Let z(b) = 7*b + 3. Let f be z(6). Suppose -4*h + h = -f. What are the prime factors of h?
3, 5
Let o(z) be the third derivative of 11*z**4/24 + 2*z**2. What are the prime factors of o(1)?
11
Suppose -5*l + 2*f + 17 = -0*l, -5*f = 5*l - 10. List the prime factors of l.
3
Suppose -1 = -4*n + 7. Suppose 0 = -2*r + 5*r, -d + 3*r = -n. What are the prime factors of d?
2
Let t = 17 + -7. List the prime factors of 4/t*2*15.
2, 3
Suppose -2*v - 11 = -3*m, 0 = -4*v + 6*m - 3*m - 13. What are the prime factors of 38/(-4)*2*v?
19
Suppose 18 = -5*a - 2. Let h = a + 8. Suppose h*n - 13 = 51. What are the prime factors of n?
2
Let x = 58 + -34. What are the prime factors of x?
2, 3
Suppose 0*s = 3*s - 9. List the prime factors of (-2 - -7) + (-9)/s.
2
Let z(i) = -2*i - 2*i - 26*i**3 - i**2 + 5*i + 1. List the prime factors of z(-1).
5
Suppose -3*v + 5*k = 26, 2*v = 2*k + 3*k - 19. Let n be (-51)/v - (-2)/(-7). Suppose 4*u + l - 5 = 0, 4*u = -8*l + 3*l - n. What are the prime factors of u?
2
Let o(n) = -2*n. Let b be -3*(2 - (-10)/(-6)). Let d = -4 - b. What are the prime factors of o(d)?
2, 3
What are the prime factors of 17/(-51)*(-978)/2?
163
Let a = 5 + -2. Suppose b = 4*p + 3, 8*p - a*p - 33 = -4*b. Let g(h) = -h**2 + 9*h - 4. What are the prime factors of g(b)?
2, 5
Let c = -8 + 10. Suppose 41 = 3*w - c*w - 3*d, 4*d = 3*w - 138. What are the prime factors of w?
2, 5
Let u(q) = q. Let p be u(-4). Let h be (p - 2)*2/(-6). Suppose -5*y - 4 = -3*g, -h*y = g - 7*y + 2. What are the prime factors of g?
3
Let k be 1/(-3) - 79/(-3). Let d = -17 + k. List the prime factors of d.
3
List the prime factors of 15/((-3)/(-1))*8.
2, 5
Suppose -4*x + 0*x = 0. Suppose -4 + 2 = -n. What are the prime factors of 12 + (x - -2 - n)?
2, 3
Suppose 2*u - 4*u = -58. What are the prime factors of u?
29
Let z be 1/(0 - (-1)/2). Let v = z - -2. List the prime factors of v.
2
Let l = -100 - -151. List the prime factors of l.
3, 17
Suppose 3*w - 2*w - 18 = 0. Let x be 6/27 - (-16)/9. Suppose -x*l - w = -5*l. List the prime factors of l.
2, 3
Let h = 2 - -48. List the prime factors of h.
2, 5
Let g = 11 - -14. Suppose g = -0*x + x. List the prime factors of x.
5
Let q(m) = -2*m - 11. Let b be q(-8). Let f = 7 - b. Suppose -f*s - 19 + 45 = 3*c, -s + 4*c - 9 = 0. What are the prime factors of s?
7
Let r(v) = -5*v - 3. Let o = -16 + 